2810.
1006
What is the remainder when 194451569 is divided by 15?
14
What is the remainder when 2375823 is divided by 339?
111
Calculate the remainder when 469262 is divided by 469260.
2
What is the remainder when 1523081 is divided by 245?
161
What is the remainder when 177479 is divided by 20755?
11439
What is the remainder when 7710683 is divided by 3164?
15
What is the remainder when 5237915 is divided by 86?
85
What is the remainder when 84901 is divided by 302?
39
Calculate the remainder when 5250 is divided by 5192.
58
Calculate the remainder when 1004293 is divided by 6376.
3261
Calculate the remainder when 675792 is divided by 18251.
505
Calculate the remainder when 16135199 is divided by 134.
125
What is the remainder when 23886 is divided by 259?
58
What is the remainder when 216027141 is divided by 10801356?
21
What is the remainder when 1451613 is divided by 53?
49
Calculate the remainder when 96433954 is divided by 5562.
5560
What is the remainder when 315802 is divided by 78910?
162
Calculate the remainder when 160061 is divided by 2374.
1003
Calculate the remainder when 5662373 is divided by 1174.
171
What is the remainder when 94415 is divided by 30595?
2630
Calculate the remainder when 18630888 is divided by 10109.
1
What is the remainder when 31769 is divided by 7524?
1673
What is the remainder when 22853502 is divided by 64?
62
What is the remainder when 154862 is divided by 334?
220
What is the remainder when 273155693 is divided by 651?
650
What is the remainder when 11164555 is divided by 12?
7
What is the remainder when 22074999 is divided by 201?
174
What is the remainder when 17205 is divided by 6423?
4359
What is the remainder when 81858 is divided by 267?
156
What is the remainder when 26428348 is divided by 11189?
11119
What is the remainder when 1563547 is divided by 390827?
239
Calculate the remainder when 293042 is divided by 10836.
470
Calculate the remainder when 116284895 is divided by 1479.
1478
What is the remainder when 36080225 is divided by 141491?
20
What is the remainder when 895066 is divided by 447517?
32
Calculate the remainder when 260344 is divided by 21688.
88
What is the remainder when 59486945 is divided by 71?
21
Calculate the remainder when 459653 is divided by 91597.
1668
Calculate the remainder when 154335 is divided by 30347.
2600
What is the remainder when 81823940 is divided by 51?
50
What is the remainder when 14855816 is divided by 263?
261
What is the remainder when 11984 is divided by 1960?
224
What is the remainder when 3050273 is divided by 6996?
17
What is the remainder when 60697 is divided by 226?
129
What is the remainder when 12724652 is divided by 552?
500
What is the remainder when 909426 is divided by 534?
24
Calculate the remainder when 374520 is divided by 97.
3
What is the remainder when 798396290 is divided by 53?
50
Calculate the remainder when 378270 is divided by 11444.
618
What is the remainder when 636024 is divided by 26501?
0
What is the remainder when 7271279 is divided by 17606?
1
What is the remainder when 70645 is divided by 69?
58
Calculate the remainder when 2356354 is divided by 2356347.
7
Calculate the remainder when 89409 is divided by 556.
449
Calculate the remainder when 33077972 is divided by 2782.
2774
Calculate the remainder when 1038995 is divided by 171.
170
What is the remainder when 1157990 is divided by 60925?
415
Calculate the remainder when 536139 is divided by 20.
19
What is the remainder when 4867514 is divided by 3517?
3503
Calculate the remainder when 50296 is divided by 24179.
1938
Calculate the remainder when 219051 is divided by 31244.
343
Calculate the remainder when 6196163 is divided by 149.
147
Calculate the remainder when 170349307 is divided by 28.
23
Calculate the remainder when 5830282 is divided by 13948.
18
Calculate the remainder when 7496722 is divided by 2334.
2248
What is the remainder when 192790018 is divided by 1335?
1333
Calculate the remainder when 7397664 is divided by 226.
6
What is the remainder when 292987 is divided by 97655?
22
What is the remainder when 2174414 is divided by 9292?
86
Calculate the remainder when 4542430 is divided by 21.
4
What is the remainder when 667298 is divided by 60662?
16
Calculate the remainder when 220430 is divided by 6247.
1785
Calculate the remainder when 3243281 is divided by 2835.
41
Calculate the remainder when 783841 is divided by 43543.
67
Calculate the remainder when 49148158 is divided by 84447.
4
What is the remainder when 268268 is divided by 2236?
2184
What is the remainder when 4212209 is divided by 30?
29
Calculate the remainder when 34753316 is divided by 28.
24
Calculate the remainder when 22952597 is divided by 220.
217
What is the remainder when 2712951 is divided by 77509?
136
What is the remainder when 67190364 is divided by 129962?
10
What is the remainder when 13017155 is divided by 70363?
0
What is the remainder when 26490199 is divided by 22?
21
What is the remainder when 8520 is divided by 76?
8
What is the remainder when 3684192 is divided by 643?
445
What is the remainder when 688077245 is divided by 606?
605
Calculate the remainder when 203982 is divided by 134.
34
What is the remainder when 292159 is divided by 300?
259
Calculate the remainder when 6036768 is divided by 36.
0
What is the remainder when 18630609 is divided by 9315236?
137
What is the remainder when 422652 is divided by 3041?
2994
Calculate the remainder when 4915094 is divided by 17873.
19
Calculate the remainder when 296132 is divided by 2259.
203
Calculate the remainder when 30923 is divided by 7406.
1299
Calculate the remainder when 18608 is divided by 628.
396
Calculate the remainder when 622479 is divided by 56581.
88
Calculate the remainder when 1190529 is divided by 763.
249
Calculate the remainder when 729143 is divided by 607.
136
What is the remainder when 42649 is divided by 10109?
2213
Calculate the remainder when 46779155 is divided by 1338.
1337
Calculate the remainder when 5592402 is divided by 465942.
1098
What is the remainder when 4303267 is divided by 10?
7
Calculate the remainder when 197167315 is divided by 2852.
2851
Calculate the remainder when 559 is divided by 460.
99
Calculate the remainder when 64261163 is divided by 92.
83
What is the remainder when 38514338 is divided by 2152?
2146
Calculate the remainder when 31663 is divided by 7840.
303
What is the remainder when 252177 is divided by 8007?
3960
Calculate the remainder when 383530 is divided by 54771.
133
Calculate the remainder when 106984 is divided by 11880.
64
What is the remainder when 1301515 is divided by 380?
15
What is the remainder when 85730 is divided by 42196?
1338
What is the remainder when 263489 is divided by 23924?
325
What is the remainder when 971197 is divided by 4476?
4381
What is the remainder when 811936 is divided by 19799?
177
Calculate the remainder when 16621450 is divided by 188880.
10
Calculate the remainder when 2501691 is divided by 67613.
10
What is the remainder when 949608 is divided by 316525?
33
Calculate the remainder when 5691323 is divided by 2662.
2629
Calculate the remainder when 694316 is divided by 322.
84
What is the remainder when 323456 is divided by 3187?
1569
What is the remainder when 4490815 is divided by 745?
700
What is the remainder when 11260124 is divided by 288721?
5
What is the remainder when 214378 is divided by 42806?
348
What is the remainder when 48482873 is divided by 3211?
3195
What is the remainder when 1010969 is divided by 84232?
185
What is the remainder when 33253 is divided by 7527?
3145
Calculate the remainder when 3775468 is divided by 9534.
4
What is the remainder when 40620 is divided by 1869?
1371
Calculate the remainder when 662750 is divided by 662739.
11
What is the remainder when 2060421 is divided by 2133?
2076
What is the remainder when 558399 is divided by 1403?
5
Calculate the remainder when 13020889 is divided by 34.
11
Calculate the remainder when 783998 is divided by 783913.
85
Calculate the remainder when 4699268 is divided by 9.
8
Calculate the remainder when 5711564 is divided by 50544.
92
Calculate the remainder when 2690435 is divided by 257.
159
Calculate the remainder when 1345522 is divided by 672756.
10
Calcula